{"id":30,"date":"2015-06-26T08:39:50","date_gmt":"2015-06-26T08:39:50","guid":{"rendered":"http:\/\/localhost\/wordpress\/?page_id=30"},"modified":"2015-10-04T10:18:43","modified_gmt":"2015-10-04T10:18:43","slug":"atencion-temprana","status":"publish","type":"page","link":"http:\/\/downcadiz.com\/category\/blog\/programas\/atencion-temprana\/","title":{"rendered":"Atenci\u00f3n temprana"},"content":{"rendered":"<p><img decoding=\"async\" loading=\"lazy\" src=\"http:\/\/downcadiz.com\/wp-content\/uploads\/2015\/06\/logo-pequeno.jpg\" alt=\"Logo down C\u00e1diz peque\u00f1o\" width=\"197\" height=\"62\" class=\"alignleft size-full wp-image-47\" \/><\/p>\n<p>El programa de Atenci\u00f3n Temprana se viene desarrollando en nuestra asociaci\u00f3n desde el a\u00f1o 1999, y ha adquirido car\u00e1cter permanente y universal.<\/p>\n<p>El objetivo principal de la Atenci\u00f3n Temprana es que los beb\u00e9s con S\u00edndrome de Down y otras discapacidades, reciban todo aquello que desde la vertiente preventiva y asistencial pueda potenciar sus capacidades de desarrollo y de bienestar, posibilitando de la forma m\u00e1s completa su integraci\u00f3n en el medio familiar, escolar y social, as\u00ed como su autonom\u00eda personal. (Libro Blanco de la Atenci\u00f3n Temprana).<\/p>\n","protected":false},"excerpt":{"rendered":"<p>El programa de Atenci\u00f3n Temprana se viene desarrollando en nuestra asociaci\u00f3n desde el a\u00f1o 1999, y ha adquirido car\u00e1cter permanente y universal. El objetivo principal de la Atenci\u00f3n Temprana es que los beb\u00e9s con S\u00edndrome de Down y otras discapacidades, reciban todo aquello que desde la vertiente preventiva y asistencial pueda potenciar sus capacidades de &hellip; <\/p>\n<p class=\"link-more\"><a href=\"http:\/\/downcadiz.com\/category\/blog\/programas\/atencion-temprana\/\" class=\"more-link\">Continuar leyendo<span class=\"screen-reader-text\"> \u00abAtenci\u00f3n temprana\u00bb<\/span><\/a><\/p>\n","protected":false},"author":4,"featured_media":0,"parent":18,"menu_order":0,"comment_status":"open","ping_status":"open","template":"","meta":[],"_links":{"self":[{"href":"http:\/\/downcadiz.com\/category\/blog\/wp-json\/wp\/v2\/pages\/30"}],"collection":[{"href":"http:\/\/downcadiz.com\/category\/blog\/wp-json\/wp\/v2\/pages"}],"about":[{"href":"http:\/\/downcadiz.com\/category\/blog\/wp-json\/wp\/v2\/types\/page"}],"author":[{"embeddable":true,"href":"http:\/\/downcadiz.com\/category\/blog\/wp-json\/wp\/v2\/users\/4"}],"replies":[{"embeddable":true,"href":"http:\/\/downcadiz.com\/category\/blog\/wp-json\/wp\/v2\/comments?post=30"}],"version-history":[{"count":4,"href":"http:\/\/downcadiz.com\/category\/blog\/wp-json\/wp\/v2\/pages\/30\/revisions"}],"predecessor-version":[{"id":243,"href":"http:\/\/downcadiz.com\/category\/blog\/wp-json\/wp\/v2\/pages\/30\/revisions\/243"}],"up":[{"embeddable":true,"href":"http:\/\/downcadiz.com\/category\/blog\/wp-json\/wp\/v2\/pages\/18"}],"wp:attachment":[{"href":"http:\/\/downcadiz.com\/category\/blog\/wp-json\/wp\/v2\/media?parent=30"}],"curies":[{"name":"wp","href":"https:\/\/api.w.org\/{rel}","templated":true}]}}